e ten thousands digit of 66026?
6
What is the tens digit of 4457?
5
What is the tens digit of 30136?
3
What is the ten thousands digit of 70616?
7
What is the ten thousands digit of 54259?
5
What is the thousands digit of 120657?
0
What is the units digit of 725?
5
What is the ten thousands digit of 12205?
1
What is the units digit of 22136?
6
What is the hundreds digit of 2792?
7
What is the units digit of 2857?
7
What is the hundreds digit of 803?
8
What is the tens digit of 8817?
1
What is the thousands digit of 1861?
1
What is the tens digit of 201?
0
What is the hundreds digit of 76515?
5
What is the units digit of 22267?
7
What is the tens digit of 7303?
0
What is the tens digit of 2987?
8
What is the hundreds digit of 831?
8
What is the units digit of 1070?
0
What is the units digit of 732?
2
What is the thousands digit of 68961?
8
What is the units digit of 25205?
5
What is the hundreds digit of 88178?
1
What is the units digit of 3144?
4
What is the units digit of 15703?
3
What is the tens digit of 1187?
8
What is the tens digit of 12556?
5
What is the thousands digit of 1045?
1
What is the tens digit of 313?
1
What is the ten thousands digit of 28260?
2
What is the tens digit of 531?
3
What is the tens digit of 70?
7
What is the hundreds digit of 244?
2
What is the thousands digit of 7085?
7
What is the hundreds digit of 12831?
8
What is the tens digit of 311?
1
What is the tens digit of 42652?
5
What is the hundreds digit of 14079?
0
What is the hundreds digit of 44752?
7
What is the hundreds digit of 418?
4
What is the tens digit of 9499?
9
What is the units digit of 14793?
3
What is the tens digit of 18145?
4
What is the tens digit of 2170?
7
What is the hundreds digit of 12494?
4
What is the units digit of 3774?
4
What is the units digit of 27673?
3
What is the units digit of 2487?
7
What is the ten thousands digit of 22819?
2
What is the thousands digit of 4310?
4
What is the hundreds digit of 10712?
7
What is the thousands digit of 2236?
2
What is the hundred thousands digit of 149298?
1
What is the thousands digit of 40666?
0
What is the hundred thousands digit of 112185?
1
What is the units digit of 25677?
7
What is the ten thousands digit of 30983?
3
What is the thousands digit of 4848?
4
What is the units digit of 16402?
2
What is the hundreds digit of 1085?
0
What is the thousands digit of 11110?
1
What is the ten thousands digit of 38000?
3
What is the thousands digit of 15666?
5
What is the hundreds digit of 38250?
2
What is the hundreds digit of 34989?
9
What is the hundreds digit of 223?
2
What is the thousands digit of 24981?
4
What is the hundreds digit of 9852?
8
What is the thousands digit of 1059?
1
What is the ten thousands digit of 12165?
1
What is the hundred thousands digit of 122508?
1
What is the units digit of 21293?
3
What is the tens digit of 47476?
7
What is the tens digit of 18?
1
What is the tens digit of 11087?
8
What is the units digit of 741?
1
What is the hundreds digit of 79379?
3
What is the hundreds digit of 2577?
5
What is the units digit of 4863?
3
What is the hundreds digit of 32114?
1
What is the tens digit of 2689?
8
What is the units digit of 67766?
6
What is the tens digit of 4840?
4
What is the thousands digit of 18240?
8
What is the tens digit of 2149?
4
What is the units digit of 16028?
8
What is the units digit of 945?
5
What is the hundreds digit of 1774?
7
What is the hundreds digit of 634?
6
What is the units digit of 965?
5
What is the thousands digit of 8891?
8
What is the thousands digit of 1597?
1
What is the units digit of 46550?
0
What is the ten thousands digit of 41128?
4
What is the tens digit of 2027?
2
What is the thousands digit of 29751?
9
What is the hundreds digit of 1195?
1
What is the units digit of 12370?
0
What is the tens digit of 6764?
6
What is the hundreds digit of 6294?
2
What is the tens digit of 7679?
7
What is the units digit of 85697?
7
What is the units digit of 7770?
0
What is the tens digit of 12773?
7
What is the units digit of 2017?
7
What is the hundreds digit of 26762?
7
What is the thousands digit of 68425?
8
What is the hundreds digit of 13015?
0
What is the tens digit of 25369?
6
What is the thousands digit of 2057?
2
What is the hundred thousands digit of 124658?
1
What is the hundreds digit of 1047?
0
What is the tens digit of 112457?
5
What is the thousands digit of 4161?
4
What is the thousands digit of 5559?
5
What is the ten thousands digit of 22881?
2
What is the units digit of 24?
4
What is the hundreds digit of 136?
1
What is the thousands digit of 4399?
4
What is the thousands digit of 2407?
2
What is the tens digit of 645?
4
What is the hundreds digit of 354?
3
What is the tens digit of 9013?
1
What is the hundreds digit of 2119?
1
What is the units digit of 786?
6
What is the tens digit of 60152?
5
What is the thousands digit of 19254?
9
What is the units digit of 12608?
8
What is the units digit of 428?
8
What is the tens digit of 1137?
3
What is the thousands digit of 88610?
8
What is the thousands digit of 11376?
1
What is the thousands digit of 19793?
9
What is the hundreds digit of 23980?
9
What is the units digit of 115681?
1
What is the units digit of 769?
9
What is the tens digit of 18913?
1
What is the hundreds digit of 626?
6
What is the units digit of 7585?
5
What is the units digit of 1878?
8
What is the tens digit of 798?
9
What is the units digit of 1497?
7
What is the thousands digit of 1313?
1
What is the thousands digit of 2403?
2
What is the tens digit of 56?
5
What is the hundreds digit of 6789?
7
What is the units digit of 41286?
6
What is the units digit of 2971?
1
What is the tens digit of 40108?
0
What is the ten thousands digit of 77819?
7
What is the ten thousands digit of 76900?
7
What is the tens digit of 29128?
2
What is the hundreds digit of 4475?
4
What is the hundreds digit of 102?
1
What is the tens digit of 4967?
6
What is the units digit of 732?
2
What is the thousands digit of 34495?
4
What is the thousands digit of 21163?
1
What is the units digit of 7256?
6
What is the hundreds digit of 21461?
4
What is the hundreds digit of 439?
4
What is the hundreds digit of 1614?
6
What is the hundreds digit of 69670?
6
What is the tens digit of 4176?
7
What is the units digit of 2637?
7
What is the tens digit of 2527?
2
What is the tens digit of 3005?
0
What is the thousands digit of 1491?
1
What is the hundreds digit of 4118?
1
What is the units digit of 14593?
3
What is the units digit of 2019?
9
What is the thousands digit of 2512?
2
What is the thousands digit of 1544?
1
What is the ten thousands digit of 80371?
8
What is the hundreds digit of 6320?
3
What is the units digit of 8808?
8
What is the thousands digit of 1917?
1
What is the hundreds digit of 970?
9
What is the thousands digit of 16144?
6
What is the tens digit of 208525?
2
What is the units digit of 5807?
7
What is the hundreds digit of 56057?
0
What is the ten thousands digit of 10572?
1
What is the tens digit of 12091?
9
What is the tens digit of 40898?
9
What is the thousands digit of 1193?
1
What is the units digit of 2219?
9
What is the tens digit of 1795?
9
What is the thousands digit of 53628?
3
What is the thousands digit of 3336?
3
What is the thousands digit of 1932?
1
What is the units digit of 9561?
1
What is the units digit of 824?
4
What is the thousands digit of 96562?
6
What is the tens digit of 10081?
8
What is the tens digit of 3626?
2
What is the thousands digit of 102289?
2
What is the units digit of 2652?
2
What is the tens digit of 25?
2
What is the units digit of 977?
7
What is the thousands digit of 2399?
2
What is the hundreds digit of 4933?
9
What is the tens digit of 85?
8
What is the tens digit of 13876?
7
What is the hundreds digit of 1296?
2
What is the thousands digit of 2789?
2
What is the hundreds digit of 6100?
1
What is the tens digit of 30366?
6
What is the thousands digit of 17992?
7
What is the hundreds digit of 106027?
0
What is the hundreds digit of 3379?
3
What is the units digit of 26138?
8
What is the thousands digit of 1536?
1
What is the tens digit of 924?
2
What is the thousands digit of 8493?
8
What is the thousands digit of 2393?
2
What is the thousands digit of 10000?
0
What is the thousan